6069
What are the prime factors of 697776041?
697776041
List the prime factors of 4126309246.
2, 257, 8027839
What are the prime factors of 2565961293?
3, 7, 499, 34981
What are the prime factors of 4078289?
613, 6653
List the prime factors of 48213013.
19, 2537527
What are the prime factors of 98697260?
2, 5, 4934863
List the prime factors of 537872280.
2, 3, 5, 11, 29, 14051
List the prime factors of 1344746254.
2, 107, 6283861
What are the prime factors of 1837256103?
3, 89, 2293703
List the prime factors of 458974184.
2, 19, 29, 104123
What are the prime factors of 18850990?
2, 5, 157, 12007
What are the prime factors of 2794934504?
2, 17, 19, 1081631
What are the prime factors of 455413319?
10267, 44357
List the prime factors of 47088510.
2, 3, 5, 7, 103, 311
What are the prime factors of 442719820?
2, 5, 89, 248719
List the prime factors of 33657527.
5059, 6653
List the prime factors of 2603911170.
2, 3, 5, 7, 12399577
What are the prime factors of 164348553?
3, 54782851
What are the prime factors of 165676639?
37, 73, 61339
What are the prime factors of 102819755?
5, 541, 38011
What are the prime factors of 55362433?
7, 7908919
What are the prime factors of 1233188324?
2, 41, 241, 761
What are the prime factors of 259176390?
2, 3, 5, 11, 17, 46199
List the prime factors of 907374689.
13, 103, 52127
List the prime factors of 146148817.
19, 7692043
What are the prime factors of 100595202?
2, 3, 2671, 6277
List the prime factors of 35387113.
35387113
What are the prime factors of 528977461?
19, 27840919
List the prime factors of 117347255.
5, 23469451
List the prime factors of 2817409.
7, 402487
List the prime factors of 234629921.
41, 79, 107, 677
List the prime factors of 3294742219.
37, 67, 1329061
What are the prime factors of 3722891?
61, 61031
List the prime factors of 3536353636.
2, 884088409
What are the prime factors of 6776683931?
41521, 163211
List the prime factors of 453890267.
1039, 436853
What are the prime factors of 208774900?
2, 5, 277, 7537
What are the prime factors of 2725355302?
2, 1362677651
List the prime factors of 1244987541.
3, 7, 2823101
List the prime factors of 3393636429.
3, 653, 1732331
What are the prime factors of 293698733?
4919, 59707
What are the prime factors of 227683829?
37, 647, 9511
What are the prime factors of 64956883?
1483, 43801
What are the prime factors of 560877818?
2, 280438909
What are the prime factors of 2278525092?
2, 3, 189877091
What are the prime factors of 22126167?
3, 7, 157, 2237
What are the prime factors of 1444904289?
3, 179, 659, 1361
List the prime factors of 1355944774.
2, 31, 467, 46831
What are the prime factors of 64144491?
3, 29, 737293
List the prime factors of 6853587.
3, 13, 47, 3739
What are the prime factors of 279654457?
919, 304303
List the prime factors of 40528767.
3, 19, 317, 2243
What are the prime factors of 1105516109?
421, 2625929
What are the prime factors of 100570433?
100570433
List the prime factors of 368079342.
2, 3, 17, 3608621
What are the prime factors of 87946907?
31, 197, 14401
List the prime factors of 101220441.
3, 7, 4820021
What are the prime factors of 2432293893?
3, 191, 471649
What are the prime factors of 5336189855?
5, 1951, 547021
List the prime factors of 3064885792.
2, 23, 41, 47, 2161
What are the prime factors of 6047055?
3, 5, 7, 79
What are the prime factors of 169897512?
2, 3, 367, 19289
List the prime factors of 1766626345.
5, 11, 32120479
List the prime factors of 1236532152.
2, 3, 51522173
List the prime factors of 2100732307.
3643, 576649
What are the prime factors of 7455170065?
5, 7, 67, 101, 31477
What are the prime factors of 1110700674?
2, 3, 31, 67, 3301
List the prime factors of 7256824877.
1123, 6461999
What are the prime factors of 214734538?
2, 859, 124991
What are the prime factors of 2104826405?
5, 11, 313, 122267
What are the prime factors of 34605335?
5, 229, 30223
List the prime factors of 221173973.
199, 1111427
What are the prime factors of 10281678?
2, 3, 11, 155783
List the prime factors of 129876531.
3, 43292177
What are the prime factors of 940988417?
41, 101, 223, 1019
List the prime factors of 3273247905.
3, 5, 12197, 17891
What are the prime factors of 2479510981?
61, 307, 132403
List the prime factors of 92649292.
2, 23162323
List the prime factors of 86338382.
2, 13, 157, 1627
What are the prime factors of 297867875?
5, 2382943
List the prime factors of 520368223.
743, 700361
What are the prime factors of 24067721?
223, 107927
What are the prime factors of 1732299089?
11383, 152183
What are the prime factors of 92889642?
2, 3, 15481607
What are the prime factors of 1088821050?
2, 3, 5, 7258807
What are the prime factors of 558403605?
3, 5, 773, 5351
List the prime factors of 59180728.
2, 43, 89, 1933
What are the prime factors of 1501662425?
5, 71, 397, 2131
List the prime factors of 49069650.
2, 3, 5, 7, 17, 2749
What are the prime factors of 29700260?
2, 5, 1485013
List the prime factors of 117374391.
3, 43, 303293
What are the prime factors of 471309087?
3, 2389, 65761
List the prime factors of 1817038307.
7, 7919, 32779
List the prime factors of 44960176.
2, 2810011
List the prime factors of 419828713.
6397, 65629
List the prime factors of 76695294.
2, 3, 13, 23, 42751
List the prime factors of 5762295.
3, 5, 7, 11, 1663
List the prime factors of 1274467093.
1274467093
List the prime factors of 13622869.
13, 137, 7649
List the prime factors of 182065535.
5, 36413107
What are the prime factors of 518829685?
5, 11, 9433267
List the prime factors of 245245540.
2, 5, 19, 645383
What are the prime factors of 257287710?
2, 3, 5, 29, 41, 7213
List the prime factors of 4453376416.
2, 29, 653, 7349
What are the prime factors of 517891932?
2, 3, 1433, 10039
What are the prime factors of 358532039?
5011, 71549
What are the prime factors of 19447358?
2, 7, 1389097
What are the prime factors of 11398904?
2, 11, 129533
List the prime factors of 75814335.
3, 5, 1684763
What are the prime factors of 314548771?
314548771
List the prime factors of 313811212.
2, 11, 13, 41, 13381
List the prime factors of 158555223.
3, 17617247
What are the prime factors of 951923907?
3, 11, 1068377
List the prime factors of 57022920.
2, 3, 5, 37, 1427
List the prime factors of 22290761.
37, 602453
List the prime factors of 20139910.
2, 5, 7, 43, 6691
What are the prime factors of 16247146?
2, 8123573
What are the prime factors of 4464290601?
3, 67, 2467, 3001
What are the prime factors of 373753993?
17, 21985529
What are the prime factors of 64302950?
2, 5, 239, 5381
What are the prime factors of 40948100?
2, 5, 271, 1511
What are the prime factors of 298908191?
29, 89, 115811
What are the prime factors of 1876235599?
7, 31, 8646247
What are the prime factors of 437645638?
2, 11923, 18353
List the prime factors of 250123861.
13, 103, 186799
What are the prime factors of 51154857?
3, 13, 409, 1069
What are the prime factors of 183726654?
2, 3, 2063, 14843
List the prime factors of 347770452.
2, 3, 19, 431, 3539
List the prime factors of 1058648298.
2, 3, 176441383
What are the prime factors of 53666843?
23, 919, 2539
List the prime factors of 2949207903.
3, 1049, 312383
What are the prime factors of 693922956?
2, 3, 57826913
List the prime factors of 55863721.
55863721
List the prime factors of 243108338.
2, 11, 359, 30781
What are the prime factors of 65533632?
2, 3, 341321
What are the prime factors of 62382062?
2, 277, 112603
What are the prime factors of 2720334?
2, 3, 67, 101
List the prime factors of 89623400.
2, 5, 83, 5399
What are the prime factors of 338045960?
2, 5, 7, 1207307
What are the prime factors of 405611225?
5, 16224449
What are the prime factors of 4428450409?
31, 107, 43067
What are the prime factors of 3886483212?
2, 3, 19, 2099, 2707
What are the prime factors of 3281270672?
2, 41, 631, 7927
What are the prime factors of 667363223?
667363223
What are the prime factors of 180814229?
180814229
What are the prime factors of 232561119?
3, 7, 23, 113, 4261
What are the prime factors of 16434849?
3, 149, 36767
What are the prime factors of 583093362?
2, 3, 67, 1450481
What are the prime factors of 1377847027?
67, 167, 123143
List the prime factors of 116150702.
2, 317, 183203
What are the prime factors of 64